site number?
True
Is 27894881165 prime?
False
Is 400103113 composite?
False
Is 2716047517 a composite number?
True
Is 404015814679 prime?
True
Is 725963647 prime?
False
Is 444529451893 a prime number?
True
Is 2532318497 composite?
False
Is 1841974963 a prime number?
True
Is 64141621 prime?
True
Is 2340257551 a prime number?
True
Is 7082765401 prime?
True
Is 5210400917 a prime number?
True
Is 4936040803 a prime number?
True
Is 365786417 composite?
False
Is 12514963973 a prime number?
False
Is 350493397 a composite number?
False
Is 42258658181 a composite number?
False
Is 17908554563 composite?
False
Is 133637807 a prime number?
False
Is 406045457 composite?
False
Is 1563684169 a prime number?
False
Is 2875232761 prime?
True
Is 2375379737 a composite number?
True
Is 370482361 composite?
False
Is 7617374903 a prime number?
True
Is 20670139513 a composite number?
False
Is 1192969541 prime?
False
Is 87071322053 prime?
False
Is 203904479 prime?
True
Is 6577827266 a prime number?
False
Is 64309411 composite?
False
Is 912878401 a composite number?
True
Is 10388835973 composite?
True
Is 25914016841 a prime number?
False
Is 10927813 a prime number?
False
Is 13023991949 prime?
True
Is 3057456149 a prime number?
False
Is 88375971703 prime?
False
Is 30923107141 prime?
True
Is 3601969591 prime?
False
Is 43678177 a prime number?
True
Is 340871369 a prime number?
False
Is 230283563 composite?
True
Is 433411681 prime?
True
Is 21530781079 composite?
False
Is 1846163233 prime?
True
Is 2565565393 composite?
False
Is 330131147 a composite number?
False
Is 9762024521 composite?
False
Is 80203968703 prime?
True
Is 275893286 a prime number?
False
Is 2375208421 a prime number?
True
Is 3804203113 a prime number?
True
Is 1431610733 a composite number?
True
Is 1503032581 a composite number?
False
Is 294508552966 composite?
True
Is 76194721574 a prime number?
False
Is 27925322783 a composite number?
True
Is 7239623791 a composite number?
True
Is 1584777401 a composite number?
True
Is 11652009211 prime?
True
Is 8704164379 composite?
False
Is 15211233074 a prime number?
False
Is 881610917 prime?
False
Is 62521686637 prime?
False
Is 66666797 prime?
False
Is 221296499 composite?
False
Is 1631191937 a prime number?
False
Is 2852333821 composite?
False
Is 5460031367 a composite number?
True
Is 19358082103 composite?
True
Is 979548691 a prime number?
False
Is 4785024301 a prime number?
True
Is 23589593197 composite?
True
Is 150661943 a prime number?
False
Is 896113291 a prime number?
False
Is 4547443891 composite?
False
Is 310015621 composite?
True
Is 287436077 prime?
True
Is 5518783 a composite number?
True
Is 29178885059 composite?
False
Is 21215977427 a composite number?
True
Is 286846577 a prime number?
False
Is 5941803485 composite?
True
Is 45854621 a composite number?
True
Is 4804037789 a prime number?
False
Is 10230883633 composite?
False
Is 3109127231 composite?
True
Is 1122987427 a prime number?
False
Is 63536329973 prime?
False
Is 2122873 a composite number?
False
Is 2894263235 a composite number?
True
Is 15565875113 a composite number?
True
Is 258665813393 a prime number?
False
Is 279831571 composite?
False
Is 6622526303 composite?
True
Is 240039469 a composite number?
False
Is 8264670073 prime?
False
Is 1630133585 a composite number?
True
Is 8687878181 composite?
True
Is 235490111 a prime number?
False
Is 52058595607 a composite number?
True
Is 15877747451 composite?
True
Is 10948931993 a prime number?
False
Is 1209288877 a prime number?
False
Is 7737753623 a prime number?
True
Is 20744734843 a composite number?
True
Is 2915399243 a composite number?
False
Is 21606061 composite?
False
Is 8029859 composite?
False
Is 571522519 a composite number?
False
Is 1939878451 composite?
True
Is 316802246 a prime number?
False
Is 4628259599 a prime number?
True
Is 1605102673 prime?
False
Is 27478824019 a composite number?
True
Is 22642174039 a composite number?
False
Is 4757117561 a composite number?
True
Is 86485866197 prime?
True
Is 1384207511 composite?
False
Is 531691343 prime?
True
Is 813652141 a prime number?
True
Is 2042705743 a composite number?
True
Is 49805853707 a composite number?
False
Is 187574295217 a prime number?
True
Is 302745281 composite?
True
Is 64341305941 a prime number?
False
Is 16651958027 a prime number?
False
Is 738075199 a composite number?
False
Is 2242269797 prime?
False
Is 1285033633 a prime number?
False
Is 11785368499 a composite number?
False
Is 15807472903 composite?
False
Is 34925315353 a prime number?
False
Is 1216144915 prime?
False
Is 184668389 prime?
False
Is 2910879631 prime?
False
Is 5549658711 prime?
False
Is 12304142983 a composite number?
True
Is 32251238465 composite?
True
Is 465639929 a prime number?
True
Is 2829675103 a prime number?
True
Is 11807296993 composite?
True
Is 1633946057 prime?
True
Is 10009604687 prime?
True
Is 379565839 a composite number?
False
Is 14731604851 prime?
False
Is 2986774117 prime?
True
Is 847962811 composite?
False
Is 21480853181 a composite number?
False
Is 4999805011 a composite number?
True
Is 38514016447 composite?
True
Is 113887589 prime?
True
Is 4888999055 composite?
True
Is 10193914321 a prime number?
True
Is 5262331471 a composite number?
True
Is 745915201 a composite number?
False
Is 66614028279 composite?
True
Is 1034211635 a composite number?
True
Is 3612492841 a composite number?
True
Is 1623706013 a composite number?
True
Is 21715308569 prime?
True
Is 1366069897 a composite number?
False
Is 241172293 composite?
False
Is 8528778133 prime?
True
Is 5013790711 composite?
True
Is 21415656149 composite?
False
Is 5993286181 a prime number?
True
Is 11792101961 a prime number?
False
Is 1436136571 composite?
False
Is 2924159123 a composite number?
False
Is 538666973 composite?
True
Is 3235283831 composite?
True
Is 26845661473 prime?
False
Is 397877421 a prime number?
False
Is 19495506229 composite?
True
Is 2563109 a prime number?
True
Is 43587343 composite?
True
Is 253849213 prime?
True
Is 1191641831 composite?
False
Is 547075231 a prime number?
False
Is 8845794301 a prime number?
False
Is 439501817 prime?
False
Is 1137941023 a composite number?
True
Is 47544733013 prime?
True
Is 1094132441 a composite number?
False
Is 2420370377 a prime number?
False
Is 8052937447 a prime number?
False
Is 3445999441 a composite number?
False
Is 16494245641 a composite number?
False
Is 279539 prime?
False
Is 12128236689 prime?
False
Is 672598649 prime?
True
Is 5493270703 a prime number?
True
Is 287387143903 a prime number?
True
Is 1427599 prime?
True
Is 20726798143 a prime number?
False
Is 4482209 composite?
False
Is 88078631 composite?
True
Is 496275217 a prime number?
True
Is 2705608861 prime?
False
Is 44431243 composite?
False
Is 9128670193 prime?
True
Is 925950281 prime?
True
Is 34113559 composite?
True
Is 266576311 a prime number?
True
Is 11857623689 prime?
True
Is 22335708877 prime?
True
Is 2728241 composite?
False
Is 1940151409 prime?
False
Is 7023400663 prime?
False
Is 6213784179 composite?
True
Is 26758794391 a composite number?
True
Is 64993330553 a composite number?
False
Is 795921131 a composite number?
False
Is 2921582089 prime?
True
Is 30381739 a composite number?
False
Is 79968368003 a composite number?
True
Is 2237055131 prime?
True
Is 2516019809 prime?
True
Is 174149933 a composite number?
True
Is 226503707 composite?
False
Is 4668717413 a composite number?
True
Is 5013235685 a prime number?
False
Is 4839665487 prime?
False
Is 89850613 a composite number?
True
Is 2045213 prime?
True
Is 2056304359 a composite number?
False
Is 6311422919 a prime number?
True
Is 8820155563 a composite number?
False
Is 593118571 a prime number?
False
Is 5440545757 a composite number?
False
Is 12212077019 prime?
True
Is 1667050943 a prime number?
False
Is 8808566917 prime?
True
Is 1821989159 composite?
False
Is 2415033199 composite?
False
Is 20598314899 a prime number?
True
Is 1812251447 a composite number?
False
Is 92534081 composite?
False
Is 1090367959 a prime number?
True
Is 3965712763 a composite number?
False
Is 7482247 prime?
False
Is 19722756511 composite?
False
Is 684085741 prime?
False
Is 11619430357 a prime number?
False
Is 407231518 prime?
False
Is 9835105543 composite?
True
Is 2493019 prime?
True
Is 2211963